the prime factors of l?
2
List the prime factors of 21 + -1 + (-3 - -2).
19
Let h be (-2 + -3)*(2 - 1). Let p(j) = -j**2 - 10*j - 5. Let y be p(h). Suppose -c + y = c. List the prime factors of c.
2, 5
Let u be 0/(-3 + (-1 - -2)). Suppose u = -5*g - 122 + 22. List the prime factors of (-5)/g + 35/4.
3
Let q(d) = d**2 + 9*d + 3. Let m be q(-11). Let a = m + -7. List the prime factors of a.
2, 3
Suppose n + 5*i - 15 = 0, -2*n = 3*i - 5*i + 6. Suppose n*l - 50 = -3*l + g, 3*g - 88 = -5*l. What are the prime factors of l?
17
Let d = 1 + 3. Suppose -d*v + 44 = -40. List the prime factors of v.
3, 7
Let c(o) be the second derivative of -o**3/6 + 6*o**2 - o. List the prime factors of c(0).
2, 3
Suppose 4 = -3*b + 13. What are the prime factors of -6*((-9)/b + 0)?
2, 3
Let j(n) = -n**2 - 16*n - 1. Let a(w) = -w**2 + 8*w - 4. Let p be a(9). Let l be j(p). Let z = -25 + l. List the prime factors of z.
13
Suppose -44 + 188 = 3*q - 3*z, -4*z + 68 = q. List the prime factors of q.
2, 13
Suppose -6 - 3 = -3*x, h - x - 46 = 0. List the prime factors of h.
7
Let g(n) = -n**2 - 16*n + 13. What are the prime factors of g(-16)?
13
Let z(n) = n**2 + 4*n - 7. List the prime factors of z(-8).
5
Let f(k) be the second derivative of k**7/2520 + k**6/120 + k**5/15 + k**4/6 - k. Let l(c) be the third derivative of f(c). What are the prime factors of l(-6)?
2
Let f(y) = -2*y - 2. Let h be f(-6). Let r be 15/h*8/6. Suppose g = 3, 0 = -2*s - r*s - 2*g + 18. List the prime factors of s.
3
Let k be (-11)/1 - (5 - 6). Let i = 25 + k. List the prime factors of i.
3, 5
Let q = 21 + 26. What are the prime factors of q?
47
Let g(l) = 2*l + 16. What are the prime factors of g(-6)?
2
Suppose -4*v = v - 10. Let u be (0 + 2)/v*13. What are the prime factors of u + -1 + 0/(-6)?
2, 3
Let s = -1 + 3. Let r(j) = -j**3 + 2*j**2 - 2*j + 1. Let x be r(s). List the prime factors of (0 - x) + 1/1.
2
Suppose o - 33 = -u - 6, u - 9 = 5*o. Suppose -3*f = -30 - u. What are the prime factors of f?
2, 3
List the prime factors of (2/(-6))/((-8)/1128).
47
Let y = 28 + 16. What are the prime factors of y?
2, 11
Let y(w) = -w**2 - 3*w + 4. Let d be y(-4). Let s(v) = v**2 + 32. Let o be s(d). Suppose -3*p + 7*p - o = 0. What are the prime factors of p?
2
Let s be (1/(-3))/((-1)/81). Suppose 2*r - 13 - s = 0. List the prime factors of r.
2, 5
What are the prime factors of (-61)/(-7) + 18/63?
3
Suppose -u + 0*j - 3*j + 97 = 0, j = -1. What are the prime factors of u?
2, 5
Suppose -3*n + 14 = 2. Suppose 7 = -3*z + 46. Suppose -18 = y + n*k, -z + 5 = y + 2*k. What are the prime factors of y?
2
Let k = 21 - 15. Let r(y) = -y**2 + 6*y + 5. Let d be r(k). Let p(j) = -j**3 + 6*j**2 - 3*j - 2. List the prime factors of p(d).
2
Suppose 2*a + 1 = -1, -3*v - 3*a = 270. Let r = 135 + v. What are the prime factors of r?
2, 23
Let b(v) = 30*v**2 + v. List the prime factors of b(-1).
29
Let i(l) = -l + 17. Let y be i(-15). Suppose -u + y - 2 = 0. What are the prime factors of u?
2, 3, 5
Suppose 2*w = -2 - 4. Let p(k) = 2*k + 6. Let m be p(-5). List the prime factors of -6*w/m*-2.
3
Suppose 0 = -4*q - 16, 4*d - 3*q - 104 = 376. List the prime factors of d.
3, 13
What are the prime factors of (50/4)/((-4)/(-8))?
5
Let o = 8 + 5. List the prime factors of o.
13
Let m = -61 - -37. Let i = 43 + m. What are the prime factors of i?
19
Let m = -16 + 60. What are the prime factors of m?
2, 11
Let c(f) = f**3 - 4*f**2 + 5*f - 5. Let t be c(5). Suppose -3*v - 9 = -t. List the prime factors of v.
2, 3
Let k = 7 + -11. Let u = 6 + k. Suppose 3*s - 16 = -r - s, u*s - 26 = -5*r. What are the prime factors of r?
2
Let y be 1 + 2*(-2)/4. Let j = 0 - y. Suppose a = -d - d + 11, j = -4*a + 4. List the prime factors of d.
5
Let l = -22 + 12. Let i = l + 20. List the prime factors of i.
2, 5
Let f(y) = y**2 + 7*y - 10. Suppose 0 = 2*g + 22 - 8. Let j be f(g). Let v = 16 + j. List the prime factors of v.
2, 3
Let m(o) = -o - 3. Let j be m(-6). Suppose 5*s - 19 = -4*i, j*s + 4*i - 16 = -s. Suppose -s*c = -4*w - 32, 0 = -2*c - 2*w - w + 44. List the prime factors of c.
2
Let x = -7 - -13. Let t = x + -2. Suppose -4*k + 0*d = -t*d, -5*k = 2*d - 28. What are the prime factors of k?
2
Let a(g) = -g**3 + 6*g**2 + 10*g - 9. What are the prime factors of a(6)?
3, 17
Let y(m) = -m**3 + 4*m + 1. Let x be y(-4). Suppose -11 = -3*i + x. What are the prime factors of i?
2, 5
Suppose -739 = -5*c + y + 607, 4*y - 1096 = -4*c. List the prime factors of c.
2, 3, 5
Let b(d) be the second derivative of 2*d**3 - d. Let v be 10/8 + (-5)/20. What are the prime factors of b(v)?
2, 3
Suppose 5*b + 4*j = 35, 5*j - 40 = -8*b + 3*b. Suppose 0 = -2*p - 3*q + 101, -5*q = b*p - p - 103. List the prime factors of p.
7
Let d = 28 + -12. Suppose 3*q - 42 = -x, -q - 5*x = -44 + d. List the prime factors of q.
13
Let a = 9 - -57. What are the prime factors of a?
2, 3, 11
Let w(c) = -2*c**2 + 5*c**2 + 0*c**2 + 4*c + 2. List the prime factors of w(-2).
2, 3
Let t(a) = 82*a + 19. What are the prime factors of t(3)?
5, 53
Let v(t) = t**3 + 4*t**2 - 7*t - 7. Let p be v(-5). Suppose -2*w + 13 + p = 0. List the prime factors of w.
2
Let v = -1 - -3. Suppose -12 = v*m - 5*m. Suppose -a - m = -14. What are the prime factors of a?
2, 5
Let k = -360 - -209. Let u = k - -307. What are the prime factors of u/27 + (-2)/(-9)?
2, 3
Let u(o) = -o**2 + 8*o - 9. Let z be u(7). Let w be z/(-4)*(1 - -7). Let b = 8 + w. List the prime factors of b.
2, 3
Let t = 4 + -14. Let s = -42 - -24. Let f = t - s. List the prime factors of f.
2
Suppose 0 = -4*a + a + 108. List the prime factors of a.
2, 3
What are the prime factors of 1870/20 + 2/4?
2, 47
Let k(p) = -p + 7. Let v be k(6). Let z = v - -4. Suppose 0 = -l - 5*b + z + 7, 3*b = -l + 8. What are the prime factors of l?
2
Suppose 56 = a + a. List the prime factors of a.
2, 7
Let a(d) = d**2 + d. Let t = -3 - -3. Let g be (-2)/1 - (t + 2). List the prime factors of a(g).
2, 3
Let n = 8 - 16. Let x = n + 19. What are the prime factors of x?
11
Let o(z) = z**3 + 7*z**2 - z - 1. List the prime factors of o(-6).
41
Suppose -5*r = -16 + 1. Let s(x) = -x**3 + 5*x**2 - 2*x + 1. What are the prime factors of s(r)?
13
Let f be (-4)/8*-6 + 0. Let b(g) = -g + 7. Let a be b(-6). Suppose r + f - a = 0. What are the prime factors of r?
2, 5
Suppose w - g = 2*g + 13, -3*w + 27 = -5*g. Let k(c) = c**3 - 5*c**2 + 3*c + 3. Let r be k(w). Let n(a) = -13*a**3 + 1. What are the prime factors of n(r)?
2, 7
Suppose 0 = z - 0 - 5. What are the prime factors of 8*z/2 - 2?
2, 3
Let f = 17 + -11. Let g(c) = 7*c**3 - c**2 + 14*c - 3. Let l(p) = p**3 + p**2 + p - 1. Let o(a) = g(a) - 6*l(a). What are the prime factors of o(f)?
3, 5
Let i(r) = -3*r**3 - 2*r**2 - r. Let d be i(-1). Suppose -3 - 1 = -z. What are the prime factors of z/(4/d + -1)?
2
Suppose -5 = h + m, -3*h - 28 = 2*h + 2*m. Let x(l) = l**3 + 7*l**2 + 6*l + 2. Let c be x(h). What are the prime factors of (-6)/c*(-4)/6?
2
Suppose b = 4*p, -3*b + 3*p = -8*b. Let v = b - 1. List the prime factors of (11/v)/((-2)/2).
11
Let g be 10/15*3*1. Let h = g + 3. Suppose 2*d = h*d - 9. What are the prime factors of d?
3
Suppose -4*r + 20 = 0, r = -2*s + 163 + 104. Suppose -4*o + s = -f - 0*f, o = 3*f + 30. List the prime factors of o.
3, 11
Suppose -26 = -4*o - 6. Let n = 6 - o. List the prime factors of 3 - (-1 + n + -2).
5
Suppose 1 = 3*h - y, 4*y - 16 - 4 = 0. Suppose -n = 8 - 2. List the prime factors of -9*2/n*h.
2, 3
Let w(g) = -8*g. Suppose -x - 3*t = -9, -5*t + 1 = -3*x + 7*x. Let l be w(x). What are the prime factors of (l/(-18))/((-1)/3)?
2
Let c = -16 - -22. Suppose 3*p - 5*l = 0, p - 3*l = c*p. Suppose 0 = -p*j - 3*j + 21. List the prime factors of j.
7
Suppose -m + 5*s = -145, -3*m + m - 3*s + 277 = 0. Suppose 0*v - 5*v + m = 0. Let q = -10 + v. List the prime factors of q.
2, 3
Let l = -11 + 6. Let x = 11 + l. What are the prime factors of x?
2, 3
Suppose -15 = -4*p + p. Suppose 0*o - 20 = -p*o. Suppose 5*x + 6 = -o*w, -24 = -2*x + 4*w + w. What are the prime factors of x?
2
Suppose 0 = -4*j + 5*v + 24, 0 = 5*j - 2*j - 3*v - 15. Let p be (-1)/(-3)*(j + 8). Suppose -p*g + 10 = m - 5, 3*m - 5*g = 31. What are the prime factors of m?
2, 3
Let y = -29 + 49. What are the prime factors of y?
2, 5
Let h(n) = -7*n 